{"id":12,"date":"2024-02-25T12:27:30","date_gmt":"2024-02-25T11:27:30","guid":{"rendered":"http:\/\/hdsecur.cluster027.hosting.ovh.net\/index.php\/home\/"},"modified":"2024-02-25T18:55:31","modified_gmt":"2024-02-25T17:55:31","slug":"home","status":"publish","type":"page","link":"https:\/\/www.hdsecurity.be\/","title":{"rendered":"Home"},"content":{"rendered":"\n<p>Bienvenue chez HDSecurity, votre expert en s\u00e9curit\u00e9 et confort pour les espaces r\u00e9sidentiels et commerciaux. <\/p>\n\n\n\n<p>D\u00e9couvrez comment nous transformons votre s\u00e9curit\u00e9 avec des solutions innovantes et personnalis\u00e9es. <\/p>\n\n\n\n<p>Prot\u00e9gez ce qui vous est cher et simplifiez votre quotidien avec notre expertise en installation de cam\u00e9ras de s\u00e9curit\u00e9, syst\u00e8mes d&rsquo;alarme, et portails motoris\u00e9s.<\/p>\n","protected":false},"excerpt":{"rendered":"<p>Bienvenue chez HDSecurity, votre expert en s\u00e9curit\u00e9 et confort pour les espaces r\u00e9sidentiels et commerciaux. D\u00e9couvrez comment nous transformons votre s\u00e9curit\u00e9 avec des solutions innovantes et personnalis\u00e9es. Prot\u00e9gez ce qui vous est cher et simplifiez votre quotidien avec notre expertise en installation de cam\u00e9ras de s\u00e9curit\u00e9, syst\u00e8mes d&rsquo;alarme, et portails motoris\u00e9s.<\/p>\n","protected":false},"author":1,"featured_media":0,"parent":0,"menu_order":0,"comment_status":"closed","ping_status":"closed","template":"templates\/template-homepage-one.php","meta":{"footnotes":""},"class_list":["post-12","page","type-page","status-publish","hentry"],"yoast_head":"<!-- This site is optimized with the Yoast SEO plugin v26.8 - https:\/\/yoast.com\/product\/yoast-seo-wordpress\/ -->\n<title>Home - HDSecurity<\/title>\n<meta name=\"robots\" content=\"index, follow, max-snippet:-1, max-image-preview:large, max-video-preview:-1\" \/>\n<link rel=\"canonical\" href=\"https:\/\/www.hdsecurity.be\/\" \/>\n<meta property=\"og:locale\" content=\"fr_FR\" \/>\n<meta property=\"og:type\" content=\"article\" \/>\n<meta property=\"og:title\" content=\"Home - HDSecurity\" \/>\n<meta property=\"og:description\" content=\"Bienvenue chez HDSecurity, votre expert en s\u00e9curit\u00e9 et confort pour les espaces r\u00e9sidentiels et commerciaux. D\u00e9couvrez comment nous transformons votre s\u00e9curit\u00e9 avec des solutions innovantes et personnalis\u00e9es. Prot\u00e9gez ce qui vous est cher et simplifiez votre quotidien avec notre expertise en installation de cam\u00e9ras de s\u00e9curit\u00e9, syst\u00e8mes d&rsquo;alarme, et portails motoris\u00e9s.\" \/>\n<meta property=\"og:url\" content=\"https:\/\/www.hdsecurity.be\/\" \/>\n<meta property=\"og:site_name\" content=\"HDSecurity\" \/>\n<meta property=\"article:publisher\" content=\"https:\/\/www.facebook.com\/Degauquierherve\" \/>\n<meta property=\"article:modified_time\" content=\"2024-02-25T17:55:31+00:00\" \/>\n<meta name=\"twitter:card\" content=\"summary_large_image\" \/>\n<script type=\"application\/ld+json\" class=\"yoast-schema-graph\">{\"@context\":\"https:\/\/schema.org\",\"@graph\":[{\"@type\":\"WebPage\",\"@id\":\"https:\/\/www.hdsecurity.be\/\",\"url\":\"https:\/\/www.hdsecurity.be\/\",\"name\":\"Home - HDSecurity\",\"isPartOf\":{\"@id\":\"https:\/\/www.hdsecurity.be\/#website\"},\"datePublished\":\"2024-02-25T11:27:30+00:00\",\"dateModified\":\"2024-02-25T17:55:31+00:00\",\"breadcrumb\":{\"@id\":\"https:\/\/www.hdsecurity.be\/#breadcrumb\"},\"inLanguage\":\"fr-FR\",\"potentialAction\":[{\"@type\":\"ReadAction\",\"target\":[\"https:\/\/www.hdsecurity.be\/\"]}]},{\"@type\":\"BreadcrumbList\",\"@id\":\"https:\/\/www.hdsecurity.be\/#breadcrumb\",\"itemListElement\":[{\"@type\":\"ListItem\",\"position\":1,\"name\":\"Accueil\",\"item\":\"https:\/\/www.hdsecurity.be\/\"},{\"@type\":\"ListItem\",\"position\":2,\"name\":\"Home\"}]},{\"@type\":\"WebSite\",\"@id\":\"https:\/\/www.hdsecurity.be\/#website\",\"url\":\"https:\/\/www.hdsecurity.be\/\",\"name\":\"HDSecurity - Installation de Syst\u00e8mes d'alarme et de s\u00e9curit\u00e9\",\"description\":\"\",\"publisher\":{\"@id\":\"https:\/\/www.hdsecurity.be\/#organization\"},\"potentialAction\":[{\"@type\":\"SearchAction\",\"target\":{\"@type\":\"EntryPoint\",\"urlTemplate\":\"https:\/\/www.hdsecurity.be\/?s={search_term_string}\"},\"query-input\":{\"@type\":\"PropertyValueSpecification\",\"valueRequired\":true,\"valueName\":\"search_term_string\"}}],\"inLanguage\":\"fr-FR\"},{\"@type\":\"Organization\",\"@id\":\"https:\/\/www.hdsecurity.be\/#organization\",\"name\":\"HDSecurity SRL\",\"url\":\"https:\/\/www.hdsecurity.be\/\",\"logo\":{\"@type\":\"ImageObject\",\"inLanguage\":\"fr-FR\",\"@id\":\"https:\/\/www.hdsecurity.be\/#\/schema\/logo\/image\/\",\"url\":\"https:\/\/www.hdsecurity.be\/wp-content\/uploads\/2024\/02\/logo-bgwhite-horizontal.png\",\"contentUrl\":\"https:\/\/www.hdsecurity.be\/wp-content\/uploads\/2024\/02\/logo-bgwhite-horizontal.png\",\"width\":3083,\"height\":1037,\"caption\":\"HDSecurity SRL\"},\"image\":{\"@id\":\"https:\/\/www.hdsecurity.be\/#\/schema\/logo\/image\/\"},\"sameAs\":[\"https:\/\/www.facebook.com\/Degauquierherve\"]}]}<\/script>\n<!-- \/ Yoast SEO plugin. -->","yoast_head_json":{"title":"Home - HDSecurity","robots":{"index":"index","follow":"follow","max-snippet":"max-snippet:-1","max-image-preview":"max-image-preview:large","max-video-preview":"max-video-preview:-1"},"canonical":"https:\/\/www.hdsecurity.be\/","og_locale":"fr_FR","og_type":"article","og_title":"Home - HDSecurity","og_description":"Bienvenue chez HDSecurity, votre expert en s\u00e9curit\u00e9 et confort pour les espaces r\u00e9sidentiels et commerciaux. D\u00e9couvrez comment nous transformons votre s\u00e9curit\u00e9 avec des solutions innovantes et personnalis\u00e9es. Prot\u00e9gez ce qui vous est cher et simplifiez votre quotidien avec notre expertise en installation de cam\u00e9ras de s\u00e9curit\u00e9, syst\u00e8mes d&rsquo;alarme, et portails motoris\u00e9s.","og_url":"https:\/\/www.hdsecurity.be\/","og_site_name":"HDSecurity","article_publisher":"https:\/\/www.facebook.com\/Degauquierherve","article_modified_time":"2024-02-25T17:55:31+00:00","twitter_card":"summary_large_image","schema":{"@context":"https:\/\/schema.org","@graph":[{"@type":"WebPage","@id":"https:\/\/www.hdsecurity.be\/","url":"https:\/\/www.hdsecurity.be\/","name":"Home - HDSecurity","isPartOf":{"@id":"https:\/\/www.hdsecurity.be\/#website"},"datePublished":"2024-02-25T11:27:30+00:00","dateModified":"2024-02-25T17:55:31+00:00","breadcrumb":{"@id":"https:\/\/www.hdsecurity.be\/#breadcrumb"},"inLanguage":"fr-FR","potentialAction":[{"@type":"ReadAction","target":["https:\/\/www.hdsecurity.be\/"]}]},{"@type":"BreadcrumbList","@id":"https:\/\/www.hdsecurity.be\/#breadcrumb","itemListElement":[{"@type":"ListItem","position":1,"name":"Accueil","item":"https:\/\/www.hdsecurity.be\/"},{"@type":"ListItem","position":2,"name":"Home"}]},{"@type":"WebSite","@id":"https:\/\/www.hdsecurity.be\/#website","url":"https:\/\/www.hdsecurity.be\/","name":"HDSecurity - Installation de Syst\u00e8mes d'alarme et de s\u00e9curit\u00e9","description":"","publisher":{"@id":"https:\/\/www.hdsecurity.be\/#organization"},"potentialAction":[{"@type":"SearchAction","target":{"@type":"EntryPoint","urlTemplate":"https:\/\/www.hdsecurity.be\/?s={search_term_string}"},"query-input":{"@type":"PropertyValueSpecification","valueRequired":true,"valueName":"search_term_string"}}],"inLanguage":"fr-FR"},{"@type":"Organization","@id":"https:\/\/www.hdsecurity.be\/#organization","name":"HDSecurity SRL","url":"https:\/\/www.hdsecurity.be\/","logo":{"@type":"ImageObject","inLanguage":"fr-FR","@id":"https:\/\/www.hdsecurity.be\/#\/schema\/logo\/image\/","url":"https:\/\/www.hdsecurity.be\/wp-content\/uploads\/2024\/02\/logo-bgwhite-horizontal.png","contentUrl":"https:\/\/www.hdsecurity.be\/wp-content\/uploads\/2024\/02\/logo-bgwhite-horizontal.png","width":3083,"height":1037,"caption":"HDSecurity SRL"},"image":{"@id":"https:\/\/www.hdsecurity.be\/#\/schema\/logo\/image\/"},"sameAs":["https:\/\/www.facebook.com\/Degauquierherve"]}]}},"_links":{"self":[{"href":"https:\/\/www.hdsecurity.be\/index.php\/wp-json\/wp\/v2\/pages\/12","targetHints":{"allow":["GET"]}}],"collection":[{"href":"https:\/\/www.hdsecurity.be\/index.php\/wp-json\/wp\/v2\/pages"}],"about":[{"href":"https:\/\/www.hdsecurity.be\/index.php\/wp-json\/wp\/v2\/types\/page"}],"author":[{"embeddable":true,"href":"https:\/\/www.hdsecurity.be\/index.php\/wp-json\/wp\/v2\/users\/1"}],"replies":[{"embeddable":true,"href":"https:\/\/www.hdsecurity.be\/index.php\/wp-json\/wp\/v2\/comments?post=12"}],"version-history":[{"count":2,"href":"https:\/\/www.hdsecurity.be\/index.php\/wp-json\/wp\/v2\/pages\/12\/revisions"}],"predecessor-version":[{"id":110,"href":"https:\/\/www.hdsecurity.be\/index.php\/wp-json\/wp\/v2\/pages\/12\/revisions\/110"}],"wp:attachment":[{"href":"https:\/\/www.hdsecurity.be\/index.php\/wp-json\/wp\/v2\/media?parent=12"}],"curies":[{"name":"wp","href":"https:\/\/api.w.org\/{rel}","templated":true}]}}